 149. Is u a composite number?
True
Let y(h) = -577*h - 10. Is y(-12) a composite number?
True
Suppose 2*h - 136 = -4*m + 12, 2*h = -4. Suppose -u + m = -36. Is u a composite number?
True
Let k = 26264 - 3631. Is k prime?
False
Suppose -9 = -d + 3*n, 5*n + 11 = d + n. Suppose -3*p - 1516 = -2*a, -2*a - 2*a + 2996 = d*p. Suppose -m = 309 - a. Is m a composite number?
False
Is (3 - 7) + (380 - -3) composite?
False
Let l(w) = -w**3 + 11*w**2 + 2*w + 9. Suppose -5*x + 25 = -0*x. Suppose x*s + 75 = 5*b - 0*b, 0 = -3*b - s + 29. Is l(b) a prime number?
True
Let d = -986 - -1399. Suppose 5*a + d = 1368. Is a prime?
True
Suppose 80*w - 75221 = 76*w - u, 0 = -5*w + 3*u + 94022. Is w prime?
False
Let n be ((-18235)/(-5))/(-1) - -3. Let z = -633 - n. Is z composite?
False
Let k(s) be the first derivative of 3*s**2/2 + 2*s + 5. Let g(y) = 4*y + 1. Let a(v) = -2*g(v) + 3*k(v). Is a(11) a composite number?
True
Let y = 38 + -15. Let p(k) = 5 - 3 - 2*k + y*k**2 - 16*k**2. Is p(-9) composite?
False
Let o = 43 - 20. Let t = -20 + o. Suppose -2*a + 5*b + 2135 = 0, a + t*a - 4215 = -b. Is a prime?
False
Let y(f) = 2*f**3 + 8*f + 3 - 7*f**2 + 2*f - f**3. Let b be y(8). Suppose 0 = 4*k + b - 511. Is k prime?
False
Suppose 4*a - 44164 = -3*y, -a + 2*y - 33123 = -4*a. Is a a composite number?
True
Suppose 3*v + 5894 = 5*t + 39968, 2*v - 22723 = t. Is v a prime number?
False
Let p(s) be the first derivative of 3/2*s**2 - 6 + 8*s. Is p(6) a prime number?
False
Suppose -5*k - 6930 = -5*n, -2*k - 8176 = -5*n - 1237. Is n prime?
False
Let j be 141/(-3 + 6) + -3. Let n = -5 + j. Suppose -37 = -4*f + n. Is f prime?
True
Let k = -178 - -801. Is k a composite number?
True
Let n(p) = -42*p + 1. Let m be n(6). Let y = -120 - m. Is y a composite number?
False
Let b(m) = m**3 + m**2 - m + 2. Let u be b(-2). Suppose -5*o + u*o + 50 = 0. Is o prime?
False
Let g(v) = v**2 - v - 1. Let y(u) = -u**3 - 8*u**2 - 2*u + 7. Let b(n) = -2*g(n) - y(n). Is b(-4) a prime number?
True
Let c = -5545 + 20382. Is c composite?
True
Let r(m) = 9*m**3 + 3*m**2 - 12*m - 13. Is r(7) a composite number?
False
Let n be (-6)/(-33) - (-81704)/22. Suppose 0 = -4*d + 634 + n. Is d composite?
False
Let w(n) = -2*n + 25. Let r be w(9). Suppose 3*s = -2*g + r*g + 1378, 0 = 4*s - 5*g - 1829. Is s composite?
True
Let m(t) = -t**2 - 7*t - 1. Let l be m(-6). Suppose -l*p - 3*c = -31, 0 = -0*c + 2*c - 4. Is ((-397)/(-2))/(p/10) prime?
True
Let r = -481 + 233. Let u(c) = -c + 39. Let n be u(12). Is 6/n - r/18 prime?
False
Let o = 7406 + -4807. Is o prime?
False
Let s(p) = 112*p**2 + 18*p + 1. Let n be s(8). Let g = n - 4042. Is g a prime number?
True
Let w be (-4)/((-6)/(-3)) - -28. Suppose -29*j + w*j + 615 = 0. Is j a composite number?
True
Suppose 5*x - j = -6025, -x + 2*j + 2*j = 1205. Let s = x - -2482. Is s prime?
True
Is 579/(((-18)/(-30))/1) a composite number?
True
Is (-5)/(-165)*3 - 84236/(-22) a composite number?
True
Suppose 39 = 3*y - 0*y. Suppose 29 - 9 = -5*t + 3*u, 0 = 3*t - 2*u + y. Is 299 + 6 + 2/t a composite number?
True
Let k(g) = -g + 51. Let u(d) = 2*d + 1. Let v be u(1). Suppose -v*z = -4*z. Is k(z) prime?
False
Let o = 5990 + -2661. Is o composite?
False
Let u(s) = 5 + 161*s + 6*s**3 - 81*s - 83*s - 6*s**2 + 3*s**2. Is u(7) composite?
True
Suppose 4*g + 12 = -4*d, -3*g + 4*d + 16 = -8*g. Is 2/g + (-1578)/(-12) a prime number?
True
Let m(c) = -c**2 - 7*c - 7. Let b be m(-6). Is (-3)/(3 - 0)*(b + -732) a prime number?
True
Is (-195)/(-78) + (-12258)/(-4) a composite number?
False
Let i(b) = -2*b - 10. Let q be i(-5). Suppose -4*f + 12145 + 3823 = q. Is f/28 + 3/7 a composite number?
True
Is (-18)/(-6)*(-164527)/(-33) prime?
True
Let h = 45 - 46. Is -3 + h/((-2)/4012) prime?
True
Let l(c) = 9*c**2 + 17*c - 73. Let q(o) = -4*o**2 - 9*o + 36. Let g(f) = -2*l(f) - 5*q(f). Is g(-15) prime?
True
Let k be (-21 + 3)/((-6)/4). Let a = k - 8. Suppose 0 = a*j - 27 - 49. Is j a composite number?
False
Let m(n) = 177*n**3 + 5*n**2 + 5*n - 18. Is m(3) composite?
True
Let x(p) = p**2 + 4*p - 2. Let l be x(-4). Let u be 1/l - 122/(-4). Suppose -2*n + u = -164. Is n a composite number?
False
Suppose 4*z - 2447 = 9389. Suppose -z = -12*s + 77. Is s a prime number?
False
Suppose 50 = -4*o + 4294. Is o composite?
False
Suppose -93 = -10*x - 363. Let z = 10 - x. Is z composite?
False
Suppose -5*w - 81838 = -10*w + c, w + 4*c = 16355. Is w a prime number?
False
Let y(n) = 3*n + 16. Let u be y(-8). Is (-534)/(-10) + u/20 a composite number?
False
Let j = -2431 + 1403. Let g = j - -2283. Is g prime?
False
Let r(a) = a**2 - 10*a - 8. Let m be r(11). Suppose -i + 15 = 2*i, i = -m*n - 343. Let k = n - -199. Is k a composite number?
False
Suppose -15*m + 18*m = -s + 17930, 4*s = -5*m + 71699. Is s a composite number?
False
Suppose -566 = 2*v + 5*o, 0 = -2*v - 0*v + 3*o - 598. Let k = v + 504. Is k composite?
False
Is (-50)/(-10) + 1728 + 2/1 a prime number?
False
Suppose 96*d - 74350 = 86*d. Is d a composite number?
True
Let h(y) = y**3 + 6*y**2 - 3*y - 21. Let z be h(-6). Is (z + (-34)/(-4))*26 + 2 composite?
True
Suppose 5*f - 30 = -5. Let j = f + -2. Let w(h) = -h**3 + 5*h**2 - 3*h + 4. Is w(j) prime?
True
Suppose -2*w - 45*x + 50*x = -1101, -2*w - 2*x + 1108 = 0. Is w composite?
True
Let b(l) = 82*l - 17. Suppose 2*p = 32 - 8. Is b(p) a composite number?
False
Let r(y) = 13*y**2 - 2*y + 1. Let u be r(-2). Suppose -2*f + h = 273 + u, -648 = 4*f - 5*h. Let z = f + 874. Is z prime?
False
Let y be -4 + 1 + 63 + -1. Suppose -2*p + 4*v = -676, 5*v + 385 = p + y. Is p a composite number?
True
Let l = 5549 - 1266. Is l prime?
True
Let r = -144 + 280. Suppose z + 3*z - r = 0. Suppose -z = 4*l - 1038. Is l composite?
False
Suppose -u = 5*u + 23994. Let b = -2306 - u. Is b a composite number?
False
Let l be (-45)/(-6)*(6 - 4). Suppose 5*v = 3*k - l - 9, 43 = 4*k - 3*v. Is k composite?
False
Let o be ((-268)/6)/((-4)/78). Let l = o + 286. Is l a prime number?
False
Let v = 15 + -9. Let o(x) = -x**3 + 8*x**2 - 6*x - 10. Is o(v) composite?
True
Let s(o) be the second derivative of o**4/3 + o**3 - 9*o**2/2 - 25*o. Is s(11) a composite number?
False
Let h = 248 - -86. Is h composite?
True
Let k(p) = 3*p + 9. Let l be k(-4). Is -1*(l + (-1)/((-2)/(-188))) composite?
False
Suppose 0 = 4*m - 216 - 132. Let a = -22 + m. Is a a prime number?
False
Suppose 38*s - 112081 = 21*s. Is s a composite number?
True
Let p be -14 - -12 - 1/(2/(-16)). Is ((-8)/12)/(0 - p/10539) prime?
True
Is 2 + 9488 - (-6 + -2)/8 a prime number?
True
Let l be (-1)/(-2 + 2/2). Is 8/(-2) + l + 92 prime?
True
Let u = 7525 + -588. Is u a composite number?
True
Let u = 4597 - 1094. Is u a prime number?
False
Suppose h - 620 = 5*o - 98, 5*o = 5*h - 2570. Suppose -5*b - 6 = -2*b, 0 = -3*t + 2*b + 16. Suppose -l + 2546 = 5*z, -t*z + h = -3*z + 3*l. Is z composite?
False
Let x(a) = -20*a**3 - 5*a**2 - 9*a - 25. Is x(-8) composite?
False
Let b be (-2 - (-1)/(-1)) + 14. Suppose b*y = 7*y + 2804. Is y prime?
True
Suppose -5*x + 0*h - 2*h = 0, 4*x + h = 0. Suppose 3*j - 3 = x, 0*f + 5*j = 4*f - 319. Suppose -4*k + f + 203 = 0. Is k a composite number?
False
Is (62*-347)/(-2)*(-2 - -3) composite?
True
Let y(v) = -v**3 - 23*v**2 + 64*v + 123. Is y(-32) a prime number?
False
Let p be (-3)/(-4) - 1144/32. Let o = 28 + p. Let n(h) = 3*h**2 - 3*h - 7. Is n(o) composite?
True
Let k(l) = l + 65. Let z be -3 - (3/3 - 4). Is k(z) composite?
True
Suppose 5*y = 15, -6*g - 4*y = -5*g - 12566. Is g prime?
False
Suppose -16994 = 4*w - 4*c - 83414, -5*w = -3*c - 83021. Is w composite?
False
Suppose 0 = 3*k - 2*k. Let u be 3/(-15) - (-72)/10. Suppose u*b - 9*b + 1018 = k. Is b composite?
False
Is 12 - 19 - (-31392)/4 prime?
True
Let v = -1027 - -1449. Let w = v - 199. Is w prime?
True
Let d(b) = -b**2 + 9*b + 2. Let g(o) = -o**2 - 12*o - 2. Let j be g(-11). Let s be d(j). Suppose -5*y + v + 725 = -s*v, 4*v + 145 = y. Is y a prime number?
False
Suppose -g + 2 = -2. Suppose -15*n - 679 = -14239. Suppose -g*r - 3*l = -n, 227 = r - 0*r + l. Is r prime?
True
Let u be -1*(-340)/8*(-32)/(-10). Suppose 6*z - u = 2*z. Is z composite?
True
Let y(f) = 8*f**2 + 2*f + 2. Let u be y(-1). Suppose 7234 = -u*d + 26730. Is d prime?
True
Let l(z) = -z**2 + 9*z - 10. Let r be l(7). Suppose 0 = 3*h - r*h + 14